 of g?
5
Suppose 35 = 3*d + 5*u - 53, -5*d = -3*u - 158. Suppose -1 = -4*l + d. What is the units digit of l?
8
Let g(j) = j**2 + 6*j + 3. What is the tens digit of g(-8)?
1
What is the units digit of ((-3)/9)/(1/(-27))?
9
Let h = -6 - -2. Let i = h - -7. What is the units digit of i?
3
Suppose -2*r - 5 = 2*x - 23, -4*x + 15 = r. What is the units digit of r?
7
Let a = -3 - -6. Suppose a*w + 5 = -p - 4, -3*p = -4*w - 25. What is the units digit of p?
3
Let i be ((-2)/(-5))/((-6)/(-30)). What is the units digit of (1/4)/(i/152)?
9
Suppose 0*k = -4*d + k - 3, 0 = -d - 4*k - 22. What is the tens digit of 1*(0 - d - -22)?
2
Let j = 59 + -35. Suppose 4 = -4*o + j. Suppose o*f - 5*w = 50, -5*f - 4*w + 35 = -6. What is the units digit of f?
9
Let h = -15 - 21. What is the tens digit of (h - (-2 - -1))*-1?
3
Let u(n) = -16*n**3 + n**2 - n - 2. What is the units digit of u(-1)?
6
Suppose 3 = -s, 2*h = -2*h + s + 23. Suppose 9 = h*q - 16. What is the units digit of q?
5
Let b(i) = 2*i**2 + 3*i - 3. Let j be b(-3). Let t = 3 + j. What is the units digit of t?
9
Let r = 56 + -30. Suppose -3*c + 19 + r = 0. What is the units digit of c?
5
Let f(t) = t**2 - 4*t - 13. What is the units digit of f(8)?
9
Let b be ((-3)/6)/((-3)/30). Suppose 3*h = -3*s + 18 + 3, 35 = b*h + 3*s. Let v = h - 0. What is the units digit of v?
7
Suppose 3*w - 75 = -2*w. Suppose 5*k - w = 15. What is the units digit of k?
6
Suppose 2 = 2*f - 2. Suppose f*l + 1 = 31. What is the units digit of l?
5
What is the hundreds digit of 1 + (4 + 214 - 4)?
2
Let h = -19 + 24. Suppose h*d - 100 = 55. What is the units digit of d?
1
Suppose -3*x - 4*d - 12 = -4*x, 2*x - 3*d = 24. What is the units digit of -3 - 5/((-15)/x)?
1
Let f(o) = o**3 - 11*o**2 + 12*o + 3. What is the units digit of f(10)?
3
Let o(c) be the second derivative of -c**3/3 - 6*c**2 - 3*c. What is the units digit of o(-9)?
6
Let u(a) = -a**3 + 8*a**2 - 6. Let w be u(8). Let v = w - -7. Suppose -m = -f - v, -4*f + m + 0 = -5. What is the units digit of f?
2
Suppose -5*p + 8 = -17. Suppose z - 3 - 2 = c, -p*z - 2*c + 18 = 0. Suppose 4*u + j = 12, -z*u - 4*j = -j - 20. What is the units digit of u?
2
Suppose 4*u - 71 = -5*c, -c = 2*u - 0*u - 19. Suppose -2*g = -c - 11. What is the units digit of g?
1
Let a be (2 - 6/2) + 1. Suppose -2*h - 2*h + 4 = 0, a = -5*y + 4*h + 61. What is the tens digit of y?
1
Suppose -4 = -5*k - 54. Let i = -5 - k. What is the units digit of i?
5
Let m be (4 - 7) + 0 + 58. Suppose -5*l - 5*n = -m, 2*l + 0*l = -n + 26. What is the units digit of l?
5
Let t(i) = -2*i**2 + i + 88. What is the units digit of t(0)?
8
Let f(b) = -b**2 - b + 1. Let z be f(1). Let l(w) be the first derivative of -6*w**2 + w - 1. What is the units digit of l(z)?
3
Let m(o) = -7 - o**3 - 2*o + 3 - 8 + 3 - 6*o**2. What is the units digit of m(-6)?
3
Let v be (-2)/(-9) - (-2)/(-9). Suppose 0 = n - 11 + 3. Let w = n + v. What is the units digit of w?
8
Let o = 150 - 135. What is the tens digit of o?
1
Let f(m) = -m**2 + 5*m + 5. Let v be f(5). Let n = v + -2. Suppose -n*w + 34 = 5*t, 2*t = w + w + 4. What is the units digit of t?
5
Suppose -b = 2*b - 2*g + 2, -2*b - 3*g + 3 = 0. Suppose b = -2*m - 0*m + 42. What is the units digit of m?
1
Suppose 8*m - 608 = -24. What is the tens digit of m?
7
Suppose -2*z = -2*q - 84, -72 = -5*z - 2*q + 117. What is the units digit of z?
9
Suppose -4*i = i - 3*o - 622, -4*i + 5*o = -495. What is the hundreds digit of i?
1
Let h be (9/(-3))/((-1)/2). What is the units digit of (4 - h)*2/(-4)?
1
Let c(k) = -5*k. Let h be c(-5). Let u = h + -7. Let d = 33 - u. What is the units digit of d?
5
Let v(w) = w + 10. Suppose 4*l = b - 11, l - b - 4 = 2*l. What is the units digit of v(l)?
7
Let r = -3 - -6. Suppose -4*l + 17 = -r. Suppose -u + 2*v + l = 0, 5 = 3*u - 2*u + 4*v. What is the units digit of u?
5
Let f(k) = 3*k - 2. Let n(i) = 5*i - 4. Let w(r) = 9*f(r) - 4*n(r). What is the tens digit of w(2)?
1
Suppose 136 = 5*t - 199. What is the units digit of t?
7
Let d(q) = -q**2 - 6*q + 2. Let y be d(-5). Suppose 5*r + u - 5 = -4*u, r + 3*u = -y. What is the units digit of r?
5
Let v(o) = 0*o - 3*o - 3*o + 4 + 3*o. Let i be v(-8). Let k = i + -17. What is the units digit of k?
1
Suppose -67 = -3*k + 8. Let r be 152/(-10) + (-3)/(-15). Let c = k + r. What is the units digit of c?
0
Suppose -a + 27 = 5*p, -4*a + 0*a = 2*p - 18. Suppose -n + 3*n - 2*b = 2, p*n - 4*b = 6. Suppose 0 = y + 4*x - 1, 2*x - n + 3 = y. What is the units digit of y?
1
What is the tens digit of ((-26)/6)/(2/(-6))?
1
Let s be (-136)/(-22) - (-8)/(-44). Let f = s - 3. What is the units digit of (f/6)/((-3)/(-102))?
7
Suppose 47*o - 852 = 43*o. What is the tens digit of o?
1
Let f = 99 + -7. What is the tens digit of f?
9
Suppose 9*h - 1201 = -58. What is the units digit of h?
7
Let s(b) = -b**3 + 8*b**2 - 5*b - 7. Suppose 4*o = 0, -q + 0 = -5*o + 5. Let n(a) = -a**2 - 6*a + 2. Let y be n(q). What is the units digit of s(y)?
7
Let r(g) = -g. Let q be r(-8). Let a = q - 3. Suppose a*k + p + 0 = 55, 0 = k - p - 17. What is the units digit of k?
2
Suppose 3 = 5*n - 7, -14 = -3*v - 4*n. Suppose 5*w = -20, v*l + 3*l = -4*w + 24. What is the units digit of l?
8
Suppose -l = -2*l + 1. Let f(k) = 12*k - 1. What is the units digit of f(l)?
1
Suppose 2*x - 5*p - 193 = -4*p, -4*p = 4*x - 392. Suppose -84 = 3*u - 3*s, x = -4*u + 4*s - 3*s. Let n = u + 33. What is the tens digit of n?
1
Let g(d) = 3*d**2 + d + 6. What is the units digit of g(6)?
0
Suppose -h + 36 = h. Suppose -h = -2*a - a. What is the units digit of a?
6
Let o be 99/(-2)*(-4)/6. Suppose 5*k + o = 168. What is the units digit of k?
7
Let n be ((2 - 0) + -2)/(-2). Suppose -3*p = -n*p. Suppose 3*k + 2*x - 15 = p, 3 = k - 3*k + 3*x. What is the units digit of k?
3
Let a = 475 - 324. What is the tens digit of a?
5
Let q = 5 - 5. Suppose q = -4*f + 5*f - 10. Let y = f + 9. What is the tens digit of y?
1
Let r = 6 - 4. Suppose r*l - 53 = 3. What is the tens digit of l?
2
Suppose 5*f + 40 - 5 = 0. Let i = 9 + f. Suppose -i - 12 = -y. What is the units digit of y?
4
Let p = -92 - -195. What is the hundreds digit of p?
1
Suppose 6*y = y + 35. Let g = y - 0. What is the units digit of g?
7
Suppose 3*t + 29 = 2*j + 2*j, 0 = -5*t - j - 10. Let k = 0 - t. Let z = k + 7. What is the tens digit of z?
1
Suppose 3*o = 2*o. Suppose -3*n + 37 = g, o = 3*g - 4 + 1. What is the units digit of n?
2
Let x(p) = 153*p + 13. What is the hundreds digit of x(2)?
3
Let s(m) = -m**3 + m**2 - m + 2. Let z be s(0). Let l(b) = 2*b + b**3 + 0 + 2*b - 4 + 7*b**z. What is the units digit of l(-6)?
8
Let w be 99/(-15) + (-6)/(-10). Let m = -1 - w. Suppose -7*k + m*a + 9 = -3*k, 4 = k - 3*a. What is the units digit of k?
1
Suppose -4*j = -3*t - 16, 3*j + t + 0*t = 12. Suppose j*x - 12 = x. What is the tens digit of x/(-18) + (-220)/(-18)?
1
Let d = -435 - -636. What is the tens digit of d?
0
Suppose -l + 68 = 2*f, -4*f = -f + 4*l - 97. What is the tens digit of f?
3
Suppose -3*q - f = 5, -7*q + 2*q = 5*f + 5. What is the units digit of 0/q - (-7 - -4)?
3
Suppose t + 2 = 4*j - 0*t, 4*j + 3*t = 10. Suppose o = -j + 2. Suppose -9 = -5*y + o, 3*y - 91 = -5*m. What is the tens digit of m?
1
Let m(w) = 20*w - 2. What is the tens digit of m(1)?
1
Let g(b) = -10*b. What is the units digit of g(-1)?
0
Let m = 218 + -91. What is the tens digit of m?
2
Suppose 2*g + 6*c + 34 = 2*c, 3*g + 43 = -4*c. What is the tens digit of (-58)/(-6) - 3/g?
1
Let c(u) be the third derivative of 3*u**2 + 0*u + 1/60*u**5 + 7/6*u**3 + 0*u**4 + 0. What is the units digit of c(0)?
7
Suppose -4*u - 5 + 13 = 0. Suppose 4*z + 3*b = 40, -u*z + 10 = -z - 2*b. What is the units digit of z?
0
Let g(v) = -v**2 + 8*v - 6. Let u be g(7). Suppose 3*m + r - 2 = 0, 2*m - 2*r = u + 3. What is the units digit of m/((-36)/(-33) + -1)?
1
Let q(c) = 7*c - 12. What is the tens digit of q(5)?
2
Suppose -3*q + 41 + 10 = 0. Let r = q - 8. What is the units digit of r?
9
Let a(w) = -w**3 + 8*w**2 - 5*w - 14. Let h be a(7). Suppose h = -5*l - 5*s + s + 68, -l + 2*s + 8 = 0. What is the tens digit of l?
1
Suppose 5*x = -4*p + 910, -9*x + 6*x - 5*p = -533. What is the units digit of x?
6
Let i = -16 - -30. What is the tens digit of i?
1
Let u be (5/(-3))/(2/6). Let d = u + 6